third derivative of 2*x**2 + 0 + 0*x + 19/60*x**5 + 0*x**3 - 1/12*x**4. Let r be u(2). Calculate the highest common divisor of 9 and r.
9
Let p = -12 + 14. Suppose p*v = -3*w + 261, 0 = -4*v - 0*w - 2*w + 534. Calculate the greatest common factor of v and 15.
15
Let v be (-4 + 1)/(12/(-52)). Calculate the greatest common divisor of v and 104.
13
Suppose 3*b + 1346 = 6*b - c, -4*b + 1798 = -2*c. Let k be 27/45 + b/5. Suppose -o - k = -6*o. What is the greatest common divisor of o and 18?
18
Suppose -21 + 123 = 2*l. Let b(z) = -z**2 - 16*z + 17. Let j be b(-16). What is the greatest common factor of l and j?
17
Let x(m) = -m**2 - 3*m + 2. Let l be x(-3). Let v = l - 1. Suppose -73 + v = -4*p. What is the greatest common factor of p and 12?
6
Suppose 5*t + 20 = 2*y + 7*t, 2*y - 3*t - 20 = 0. Calculate the greatest common divisor of 1 and y.
1
Let h be 5 + -6 + 1*31. Suppose 3 + h = 3*k. What is the greatest common factor of 55 and k?
11
Let p(t) = -2*t + 6. Let j be p(-6). What is the greatest common divisor of 90 and j?
18
Suppose -4*l - 45 = -5*m, 4*l + 27 = 7. Suppose -74 = -y - 2*y - m*j, 5*j + 16 = 2*y. What is the highest common divisor of 144 and y?
18
Let p(n) = -5*n**3 + n. Let a be p(-1). Suppose -2*k + a = -5*j, 0 = 3*k - 0*k + 2*j - 25. What is the highest common factor of k and 77?
7
Suppose 5*y - 2*k = 60, y - 35 = -0*y + 5*k. Let v = -1 + y. What is the greatest common factor of 63 and v?
9
Let f be 3/2*(-60)/9. Let w = -7 - f. What is the highest common divisor of 12 and w?
3
Let m be (-12)/(-8)*-2 + 5. Suppose 2*z = d + 238, z = 5*z + m*d - 460. What is the highest common divisor of z and 13?
13
Suppose w + 216 = 4*w. What is the highest common divisor of 9 and w?
9
Let v be 38 - (-6)/(-4 - -1). What is the greatest common factor of v and 12?
12
Let u(o) = -o**2 + 8*o + 5. Let x be u(8). Let z = 3 - x. Let p = 12 + z. What is the greatest common divisor of 25 and p?
5
Suppose 246 - 36 = 2*h. What is the highest common factor of 15 and h?
15
Let w(n) be the first derivative of -n**2/2 + 33*n + 3. Let i be w(0). Calculate the highest common factor of 11 and i.
11
Suppose 0 = 4*w + w + 10. Let v be -1 + -1 + (-102)/w. What is the highest common factor of 7 and v?
7
Let o be (-9)/(-4) - (-1)/(-4). Suppose -91 = -g - 3*u + 5*u, 0 = -4*g + o*u + 346. What is the highest common factor of 34 and g?
17
Let y = 244 - 160. Let h = y + -56. Calculate the highest common divisor of h and 224.
28
Suppose 0 = -b - 2, -2 = -p - 3*b - 8. Let r(c) = c**3 + c - 10. Let o be r(0). Let k be o/15*(p - 57). What is the greatest common factor of 57 and k?
19
Let n = 3 - -4. Suppose 20 = -2*a + n*a. Suppose -122 = -d + 3*k, -3*d + a*k + 218 = -128. What is the highest common factor of 10 and d?
10
Suppose o - 6 + 8 = 0. Let m be (o - 7)*4/(-3). What is the highest common factor of 30 and m?
6
Let i be 170/7 - 2/7. Let t = 12 + i. What is the greatest common factor of t and 24?
12
Let k = -12 + 18. Let w be 166/k - 2/(-6). What is the greatest common divisor of w and 4?
4
Suppose 0 = 5*h - h - 68. Let r = -49 - -100. What is the highest common divisor of h and r?
17
Suppose -u + 5*b - 10 = 0, 0 = -4*u - 0*u - 5*b + 10. Suppose 2*t - 13 - 97 = u. What is the greatest common divisor of 22 and t?
11
Suppose b - 3*b - 46 = 0. Let o = b - -42. Suppose 0 = m + p - o, -3*m - m + 80 = 2*p. What is the highest common divisor of 189 and m?
21
Let x = -134 + 188. Let s = 22 - 16. What is the greatest common factor of x and s?
6
Suppose -3 = -3*w + 3. Let g be (2 - (-1)/w)*2. Calculate the greatest common divisor of 25 and g.
5
Let a(w) = -w**2 + w + 1. Let l be a(0). What is the highest common divisor of 9 and l?
1
Let q(a) = -a**2 - 28*a - 47. Let m be q(-22). Calculate the greatest common divisor of m and 17.
17
Let u = -87 + 109. What is the highest common factor of u and 66?
22
Let a(g) = 13*g**2 - 1. Let f(l) = -l - 6. Let q be f(-5). Let h be a(q). What is the highest common divisor of h and 18?
6
Suppose -q = -d + 3, -5*d + 6 = 5*q - 19. Suppose 5*p - 47 = -4*g + 19, -64 = -4*g - d*p. What is the greatest common factor of 126 and g?
14
Suppose -10*s - 5*s + 555 = 0. What is the greatest common divisor of s and 333?
37
Suppose 4*b = b + 135. What is the highest common divisor of b and 30?
15
Let s be ((-3)/(-6))/((-2)/(-8)). Let k(c) = c - c**2 + 5*c**2 + 0*c**2 - c**2 - 1. Let f be k(s). What is the highest common divisor of f and 91?
13
Suppose 0 = 2*z + 2*h - 354, 0*z - 4*h + 168 = z. Calculate the highest common divisor of 12 and z.
12
Suppose l + 4*d = 6, 5*l - d = -0*l - 75. Let w be (-225)/(-21) + (-4)/l. Let b(m) = m**2 + 2. Let o be b(-3). Calculate the highest common factor of w and o.
11
Suppose -17 = -2*r - 2*f + 1, 3*r + 3 = 3*f. Suppose r*n + 6 - 270 = 0. Let p be -10*(135/(-25) + 1). Calculate the greatest common factor of n and p.
22
Let x = -12 - -26. Let i = -20 - -58. Suppose 2*k = 2*d - i, 4*d - 3*k - 61 = -2*k. Calculate the greatest common factor of x and d.
14
Suppose 1 = -r + 3. Let n be (r + -1)*1 - 1. Suppose -90 = -n*d - d. What is the highest common factor of 10 and d?
10
Let j = 20 - -56. Let a be ((-7)/2)/((-2)/j). What is the highest common factor of 19 and a?
19
Let w = 124 - 64. Calculate the greatest common divisor of 24 and w.
12
Suppose f = -0*f + 5. Calculate the greatest common divisor of 2 and f.
1
Let w = 3 - 0. Let r(g) = 46*g - 3. Let i be r(w). What is the greatest common divisor of i and 15?
15
Let t(p) = 2*p**3 - 4*p**2 - 2*p + 2. Let i be t(3). Suppose -4*n = -125 - 23. Suppose -n - 89 = -3*u. Calculate the greatest common divisor of u and i.
14
Let c(t) = t**2 + 14*t + 47. Let k be c(-9). What is the highest common factor of k and 26?
2
Let t = 2 - 2. Suppose -3*b + 9 = -t*b. Let u = 39 + -36. Calculate the highest common divisor of b and u.
3
Suppose 0 = -3*r + 5*l + 32, -l + 4*l + 30 = 3*r. Calculate the greatest common divisor of r and 3.
3
Let d(g) = 5*g**2 - g - 3. Let t be d(-3). Calculate the highest common divisor of t and 9.
9
Suppose 5*z = 4*t + 110, 25 = 2*z + t - 6. Calculate the greatest common factor of 9 and z.
9
Suppose 0 = -q - 5 + 12. Let g = q - 9. Let h be 41/5 + g/10. Calculate the highest common factor of h and 56.
8
Let q(d) = 12*d - 32. Let h be q(6). Calculate the highest common factor of h and 16.
8
Let l(t) = -23*t + 2. Suppose w + 2*g + 4 = 0, 4*w + 10 = -4*g + 2*g. Let y be l(w). Calculate the greatest common divisor of 8 and y.
8
Suppose 3*g - 16 = -1. What is the greatest common factor of g and 55?
5
Let m = 270 + -174. Calculate the highest common divisor of m and 32.
32
Let q = -43 + 80. Suppose -w + 267 = 4*j, 5*j = 3*w + 216 + 122. Suppose -2*r + q = -j. What is the greatest common divisor of 13 and r?
13
Let k(b) = b**2 + 7*b + 4. Let y be k(-6). Let s be (-1)/y + (-500)/(-8). Calculate the greatest common divisor of 21 and s.
21
Let q(p) = 13*p - 30. Let w be q(3). Calculate the highest common divisor of w and 27.
9
Let a be 1976/10 + 4/10. Let j be (-1 + 2 + -19)*-1. Calculate the greatest common divisor of j and a.
18
Let y = 263 - 54. Calculate the highest common factor of y and 19.
19
Suppose 3*u + 5181 = -10875. Let s be 4/(-18) + u/(-27). Calculate the highest common divisor of 22 and s.
22
Let p be (-1 - 2)*-9*1. Let d = -31 + 40. Calculate the highest common divisor of d and p.
9
Let k be -2*(1 - (-3 + 6)). Suppose -5*n + 34 = y, n = k*y + 13 - 2. What is the greatest common divisor of 63 and n?
7
Let a = 94 + -80. Let r(l) = 125*l**3 + 2*l**2 - 2*l + 1. Let x be r(1). Calculate the greatest common divisor of x and a.
14
Suppose -2*x - 3*x + 165 = 0. Suppose -x = -3*u + 51. Calculate the greatest common divisor of 7 and u.
7
Let f = -3 + 17. Suppose 0*w + 4*n + 108 = w, -227 = -2*w - 3*n. Calculate the greatest common factor of f and w.
14
Suppose -4*n = -4 - 8. Suppose 0 = 4*u + 4*k - 111 + 15, 0 = 3*u - n*k - 90. What is the greatest common factor of u and 18?
9
Let t(k) = 4*k**2 + 29*k + 4. Let q be t(-12). What is the greatest common divisor of q and 29?
29
Suppose -2*p + 72 = p. Calculate the highest common factor of 24 and p.
24
Suppose 7*a + 4*y - 463 = 4*a, 2*y + 161 = a. Let o = 237 - a. Calculate the highest common divisor of 10 and o.
10
Suppose 0 = 3*g +